NOAA-Style Climate Reports


Report for 2024 Ιούλιος
                   Monthly Climatological Summary for Ιουλ 2024

Name: katosotirirts.site   City: Kato Sotirirtsa   State: Greece
Elevation: 15 m  Lat: N 39Β° 42' 59"   Lon: E 022Β° 52' 13"

                  Temperature (Β°C), Rain (mm), Wind Speed (km/h)

                                      Heat  Cool        Avg
    Mean                              Deg   Deg         Wind                 Dom
Day Temp  High   Time   Low    Time   Days  Days  Rain  Speed High   Time    Dir
----------------------------------------------------------------------------------
 1  26,5  30,0   16:37  22,4   07:10   0,0   8,2   0,0   5,5  20,9   16:45     E
 2  25,7  29,3   15:45  21,3   05:38   0,0   7,4   0,0  10,2  62,3   22:39    NW
 3  25,5  28,2   17:51  20,7   05:03   0,0   7,2   0,0  18,8  57,6   11:39   WNW
 4  24,3  27,0   00:00  22,4   23:49   0,0   5,9   0,0  13,5  46,4   10:28     W
 5  24,6  29,8   18:20  20,5   22:59   0,0   6,3   0,0  14,2  42,8   11:58   WNW
 6  25,2  30,4   20:10  19,2   06:32   0,0   6,9   0,0   7,8  31,7   09:07     E
 7  26,0  31,9   18:46  20,4   03:37   0,0   7,7   0,0   5,7  14,8   08:57   ESE
 8  26,7  31,4   16:11  20,5   05:57   0,0   8,4   0,0   7,1  18,4   09:33   ESE
 9  28,5  36,7   19:34  21,3   04:27   0,0  10,2   0,0   6,5  25,6   10:46    SE
10  29,4  35,6   16:23  24,2   04:36   0,0  11,1   0,0   6,6  29,5   11:45   ESE
11  30,2  35,2   19:43  24,9   07:14   0,0  11,9   0,0   5,4  20,9   01:53   ENE
12  28,3  32,5   14:55  22,2   05:35   0,0  10,0   0,3   6,1  51,5   00:49   ESE
13  28,5  32,3   16:25  22,5   06:15   0,0  10,2   0,0   6,1  18,4   09:29   ESE
14  28,2  31,6   15:09  23,6   06:28   0,0   9,9   0,0   6,1  22,0   18:20   ESE
15  28,3  30,8   15:34  22,2   05:29   0,0  10,0   0,0   8,0  25,6   18:07     E
16  28,5  35,8   17:18  22,1   02:57   0,0  10,2   0,0   6,1  18,4   18:22    SE
17  29,8  37,6   18:45  22,6   05:13   0,0  11,5   0,0   7,1  28,1   10:45     W
18  30,6  35,8   19:38  24,9   04:32   0,0  12,3   0,0   7,2  40,3   23:22   WNW
19  31,0  34,8   14:41  26,6   06:45   0,0  12,6   0,0   8,3  31,7   00:00   NNE
20  28,8  32,8   17:19  24,7   06:30   0,0  10,7   0,0   6,2  18,4   17:05   SSE
21  28,3  32,0   09:12  21,8   05:49   0,0  10,0   0,0   6,3  24,5   14:03   SSE
22  28,3  32,5   16:04  23,8   06:41   0,0  10,0   0,0   5,9  20,9   08:35   ESE
23  27,7  32,6   16:47  22,9   09:00   0,0   9,4   0,6   4,8  22,0   09:00     S
24  27,4  31,9   15:38  22,7   05:16   0,0   9,1   0,0   7,2  31,7   20:15    SW
----------------------------------------------------------------------------------
    27,8  37,6    17    19,2     6     0,0 227,1   0,9   7,8  62,3     2      SE

Max >=  27,0: 24
Max <=   0,0:  0
Min <=   0,0:  0
Min <= -18,0:  0
Max Rain: 0,6 on day 23
Days of Rain: 2 (>= 0,2 mm)  0 (>= 2,0 mm)  0 (>= 20,0 mm)
Heat Base: 18,3  Cool Base: 18,3  Method: Integration