NOAA-Style Climate Reports


Report for 2022 Σεπτέμβριος
ο»Ώ                   Monthly Climatological Summary for ΣΡπ 2022

Name: katosotirirts.site   City: Kato Sotirirtsa   State: Greece
Elevation: 15 m  Lat: N 39Β° 42' 59"   Lon: E 022Β° 52' 13"

                  Temperature (Β°C), Rain (mm), Wind Speed (km/h)

                                      Heat  Cool        Avg
    Mean                              Deg   Deg         Wind                 Dom
Day Temp  High   Time   Low    Time   Days  Days  Rain  Speed High   Time    Dir
----------------------------------------------------------------------------------
 1  24,5  28,2   15:50  20,5   07:41   0,0   6,2   0,0   6,1  20,9   16:41   SSE
 2  23,6  26,0   09:02  21,4   22:52   0,0   5,3   2,1   7,6  33,1   05:06   NNE
 3  23,5  27,6   17:46  20,0   05:20   0,0   5,2   0,0   9,5  31,7   12:43   NNE
 4  24,5  27,0   14:38  19,8   06:31   0,0   6,2   0,0   9,2  28,1   15:17     E
 5  21,7  25,4   00:00  18,5   22:41   0,0   3,4  31,2  11,6  62,3   05:43     E
 6  22,6  25,9   17:22  17,5   23:10   0,0   4,3   0,0   9,0  33,1   04:29     S
 7  21,4  26,2   14:49  16,8   03:05   0,1   3,3   0,0   7,8  25,6   09:22    SW
 8  21,6  26,4   15:34  16,2   06:59   0,2   3,5   0,0   6,8  18,4   00:47     W
 9  22,9  27,7   14:48  17,6   00:43   0,0   4,6   0,0   6,0  22,0   15:39    SW
10  23,3  27,6   16:55  18,5   05:50   0,0   5,0   0,0   5,5  13,3   11:28   WSW
11  25,2  29,6   16:24  20,9   02:45   0,0   6,9   0,0   5,3  25,6   23:46     W
12  24,2  26,4   14:38  21,7   19:55   0,0   6,0   0,0  16,9  54,0   09:14   ENE
13  23,9  25,6   19:07  22,2   04:19   0,0   5,5   0,0  13,7  43,9   10:49   ENE
14  23,0  26,8   12:35  17,7   23:51   0,0   4,7   0,0   7,6  28,1   07:39    NW
15  22,4  26,7   11:09  16,7   03:33   0,0   4,1   0,0   7,1  33,1   08:43    NW
16  23,3  27,3   17:00  18,4   06:25   0,0   5,0   0,0   5,7  24,5   02:47   WSW
17  24,3  30,7   20:15  18,8   06:27   0,0   6,0   0,0   6,4  29,5   11:23   WSW
18  23,4  28,8   10:43  19,9   23:59   0,0   5,1   0,0  23,1  64,8   16:35     E
19  19,7  23,0   17:07  16,4   23:35   0,2   1,7   0,0  10,5  47,9   00:59     E
20  19,1  22,6   17:27  14,7   04:59   0,6   1,5   0,0  16,8  54,0   10:29     E
21  18,6  20,8   00:00  14,3   21:28   0,4   0,7   0,0  17,5  57,6   23:20     E
22  16,8  19,9   15:20  11,5   23:22   1,8   0,2   0,0  16,8  55,1   12:13     E
23  15,8  20,5   16:57  10,5   07:11   3,0   0,4   0,0  12,2  42,8   11:51     E
----------------------------------------------------------------------------------
    22,1  30,7    17    10,5    23     6,3  94,8  33,3  10,4  64,8    18       E

Max >=  27,0:  9
Max <=   0,0:  0
Min <=   0,0:  0
Min <= -18,0:  0
Max Rain: 31,2 on day 5
Days of Rain: 2 (>= 0,2 mm)  2 (>= 2,0 mm)  1 (>= 20,0 mm)
Heat Base: 18,3  Cool Base: 18,3  Method: Integration